ctor of 92 and c.
23
Suppose -2*s + 38 = -3*b - 353, 2*s - 4*b - 386 = 0. What is the highest common factor of s and 29?
29
Let i(u) = u - 1. Let k be i(1). Let r = 12 + k. What is the highest common factor of r and 108?
12
Let h be 3/((-12)/(-728)) - 1. Suppose -u = -5*u + 444. Let k = h - u. What is the highest common factor of 28 and k?
14
Let y(g) be the first derivative of -g**3/3 - 6*g**2 - 12*g + 5. Let n be y(-10). Calculate the highest common factor of 32 and n.
8
Let i(f) = -25*f - 4. Let p be i(-5). Calculate the greatest common divisor of p and 11.
11
Let l(w) be the first derivative of 9/2*w**2 + 1/3*w**3 + 5*w - 1. Let g be l(-10). Calculate the highest common divisor of g and 15.
15
Let f be 1/(-2 - 14/(-6)). Calculate the highest common divisor of 21 and f.
3
Let y = 1 + 0. Let k = 2 + 9. What is the highest common divisor of k and y?
1
Let j = 62 - 44. Calculate the highest common divisor of 126 and j.
18
Let f(p) = -p**3 - 2*p + 68. Let n be f(0). Calculate the highest common factor of n and 4.
4
Suppose 0 = 3*d - 4*h, 2*d - 3*h = -0*d - 1. Let w be (-6)/8 + 607/d. Let y = w + -55. Calculate the greatest common factor of y and 12.
12
Let x(h) = h**3 - h**2 - h + 415. Let p be x(0). Suppose 4*m = z + p, m + 445 = 5*m + 5*z. Calculate the greatest common factor of m and 42.
21
Let h(b) = b**3 + 10*b**2 - b - 5. Let v be h(-10). Calculate the highest common factor of v and 20.
5
Let y = 72 - 8. Suppose 4*o - y = 4*u, 28 = 2*o - 2*u + u. What is the highest common divisor of 132 and o?
12
Let q(k) = 5*k**2 + k. Let y(v) = v - 1. Let g be y(0). Let w be q(g). Calculate the greatest common divisor of 6 and w.
2
Suppose l + 46 = 2*y, -3*y + 5*l + 0*l = -83. Let x = 82 - 19. Calculate the highest common factor of y and x.
21
Let n(p) = -p**3 - 4*p**2 + p + 9. Let t be n(-6). Calculate the greatest common divisor of t and 30.
15
Let d = -7 - -12. Let p be 4/(-14) + (-741)/(-21). Calculate the highest common divisor of d and p.
5
Suppose -4*s + 15*s = 330. Calculate the highest common divisor of s and 75.
15
Let g = 14 + -10. Suppose 2*s - o - 45 = 2*o, -5*s + g*o = -116. What is the highest common factor of s and 6?
6
Let o = -21 - -16. Let q be (-9 - (o + 2))*-1. Suppose 13 = 5*u - 2. What is the greatest common factor of q and u?
3
Suppose -5*u + 177 = 2*m, 0 = 3*u - 2*u - 5*m - 30. Let z be (-2)/(-8) + u/20. Let v = 3 - z. What is the highest common divisor of 7 and v?
1
Let k(d) = -3*d + 3 - d**2 - d - 2*d. Let l be k(-6). Let v be ((-10)/15*-3)/2. Calculate the greatest common factor of v and l.
1
Let a(w) = -w**3 - 9*w**2 + 5*w - 14. Let v be a(-10). Suppose -5*c + 79 = -41. Calculate the highest common divisor of c and v.
12
Suppose 0*r = 5*r - 450. Calculate the highest common factor of r and 10.
10
Let c = -122 + 175. Suppose c = 2*l + 15. Calculate the greatest common divisor of 38 and l.
19
Let p(k) = 22*k + 4. Let l be p(3). Calculate the highest common factor of 28 and l.
14
Suppose -9*k = 10*k - 190. Calculate the greatest common divisor of 110 and k.
10
Let m be (-2)/(-1) + -4 + 2. Suppose 0*q - 5*q - 3*h + 69 = m, -3*q + 27 = -3*h. Calculate the greatest common factor of q and 96.
12
Suppose -r - 8 = 4*u, 0 = 3*r - 3*u - 10 + 4. Let z be (-5)/(-1) - (r - 0). Let q = -39 + 64. What is the highest common factor of z and q?
5
Suppose 0 = -3*p - 2*o + 324, 0 = 3*p - 3*o - 85 - 239. Let h be 3/(2*2/p). What is the greatest common factor of h and 9?
9
Let x be (-3)/((-5)/(30/9)). Let u be (x + -1)/((-2)/(-12)). What is the greatest common divisor of 6 and u?
6
Let w = -7 + 19. Suppose 3*o = 5*o - 12. Calculate the highest common factor of o and w.
6
Suppose q - 10 = 1. Calculate the greatest common divisor of q and 55.
11
Let k(q) = q**2 + 2*q - 7. Let j be k(-5). What is the highest common factor of 8 and j?
8
Let f be (2/(-3))/(1/(-3)). Let d be (1/f)/((-2)/(-72)). Suppose 5*n + 0*y = 5*y + 180, 2*n = -3*y + 72. Calculate the highest common factor of d and n.
18
Let r be (-8)/4 - 13/(-1). Let j(v) = v**3 - 8*v**2 + 10*v + 1. Let a be j(7). What is the greatest common divisor of r and a?
11
Let q = -123 - -161. Calculate the highest common divisor of q and 380.
38
Suppose -5*s - 97 = -287. Calculate the greatest common divisor of 95 and s.
19
Let p(z) = z. Let x = 2 - -3. Suppose 5*r - x - 5 = 0. Let h be p(r). Calculate the greatest common divisor of 6 and h.
2
Let a(u) = 25*u + 7. Let w be a(5). Suppose 0*t + t = -39. Let v = -27 - t. What is the highest common factor of w and v?
12
Let a be (17/3)/((-2)/(-6)). Suppose a*y - 15*y - 26 = 0. What is the greatest common divisor of y and 26?
13
Let o = 11 - -11. Let g(k) = -k**2 + 5*k + 2. Let n be g(5). Suppose -5 = -n*h - 1. Calculate the highest common factor of h and o.
2
Let u = -223 + 226. Suppose 0 = -b - 3*b + 20. Suppose -6 = 4*d - 3*x - 20, 5*d - b*x - 20 = 0. What is the greatest common divisor of u and d?
1
Let w = -9 + 19. Let b = -7 - -7. Suppose -y - y + w = b. What is the highest common factor of y and 2?
1
Let f = -90 + 130. Calculate the greatest common factor of f and 5.
5
Suppose -q = q + 8, 2*b + 5*q - 76 = 0. Calculate the highest common divisor of b and 120.
24
Let t(k) = -k**3 - 6*k**2 - 5*k + 5. Let y be t(-5). Suppose 3*v - 3*s - 33 = 0, -4*v + s + 30 = -y. Calculate the highest common divisor of v and 88.
8
Suppose -3*j = -2*t - 7*j + 124, -119 = -2*t + j. Let o(v) = 2*v**2 - 9*v + 19. Let l be o(5). What is the greatest common divisor of l and t?
12
Let g(z) = -3*z - 11. Suppose -q = -2*s - 13 - 2, 0 = 2*q - 6. Let f be g(s). Calculate the greatest common divisor of 77 and f.
7
Suppose -2*n + 2*w = 4, 3*n + n + 5*w - 37 = 0. What is the greatest common divisor of 12 and n?
3
Let m be (10/6)/(15/27). Let i(h) = 18*h**2 - h. Let c be i(1). Let q = 32 - c. Calculate the highest common divisor of m and q.
3
Let k be 6/(-21) + 100/7. Suppose -5 = 3*m - k. Let o(d) = -d**3 + 4*d**2 - d + 4. Let i be o(m). What is the greatest common factor of i and 70?
10
Let m be -85*((-14)/10 + 1). Let f be 5/(2/m - 0). Calculate the highest common factor of 34 and f.
17
Let z(r) = r + 1. Let t be z(0). Let k be (113 - -2) + (-2 - t). Calculate the greatest common factor of 14 and k.
14
Suppose -3*k = k - 32. What is the highest common divisor of k and 8?
8
Suppose o = 7*o - 240. Suppose 8*k - o = 3*k. What is the greatest common factor of 40 and k?
8
Let v = 22 + -13. What is the greatest common divisor of v and 27?
9
Suppose -2*b = -6*b + 52. What is the greatest common factor of 13 and b?
13
Suppose 4*c - 3*f = -0*c - 17, c = 2*f - 8. Let g be (-2)/(-1) - (c + -1). Let k = g + -1. Calculate the greatest common divisor of 6 and k.
2
Let m(j) = -j + 4. Let h = 6 - 13. Let o be m(h). Let t be (-1)/1 + 2/1. What is the greatest common factor of o and t?
1
Suppose o - 11 = -f - 4, -5*o - 3*f = -39. Calculate the greatest common divisor of 99 and o.
9
Suppose 3*z - h + 4*h - 99 = 0, -2*z = -2*h - 46. Let w be -4 + 2 + -26 + 0. Let r be (-1*1)/(4/w). Calculate the greatest common factor of r and z.
7
Suppose -10 = -3*a + 5. Suppose -4*r + 2*d = -a*r + 14, 4*d = -5*r + 58. Let p(g) = 7*g + 8. Let m be p(6). Calculate the highest common divisor of r and m.
10
Suppose h + 4 = 3*h. Let t be (0 - -1) + 16/h. What is the highest common factor of 27 and t?
9
Suppose 5*h + 10 = -55. Let p = h + 19. Suppose 5*c = -4*u + 100, -2*c = u - 5*u + 128. Calculate the highest common factor of p and u.
6
Suppose -3*s + 2*v - 12 = -7*s, -4*s - 5*v = -6. Suppose s*y - 9*y + 50 = 0. What is the greatest common divisor of 110 and y?
10
Suppose f - 4*f + 12 = 0. Suppose 0 = -6*t + f*t + 6. Let q be (0 - (-93)/t) + 1. Calculate the greatest common factor of q and 8.
8
Let q(b) = b - 1. Let g(v) = -68*v**2 + 3*v - 3. Let a(w) = -g(w) + 2*q(w). Let m be a(1). Suppose 2*p = -49 + 83. What is the highest common factor of p and m?
17
Let w be 616/55 + 1/(-5). Calculate the greatest common divisor of 1 and w.
1
Suppose 2*z - 4*z = h - 12, 3*h + 3*z = 48. What is the greatest common factor of 140 and h?
20
Let b = -35 - -60. Calculate the greatest common divisor of 10 and b.
5
Let c be ((1 - 1)/(-2))/3. Suppose c = r - 10 - 2. Calculate the highest common divisor of 12 and r.
12
Let j(q) = q. Let m